0 - (-42 + 15)).
5
Calculate 1 + -4 - (3 + (7 + -12 - -4)).
-5
Evaluate -2 + -2 - (12 + (-1 + 9 - 29)).
5
What is the value of 26 + -19 - (-2 + 9 - 1) - 11?
-10
Evaluate -21 + 4 + 12 + -3.
-8
What is the value of (6 + -8 + 26 - -3) + -18?
9
What is the value of (27 - 30) + (1 - -1) + 2?
1
Calculate 0 + 0 + (-65 - -82) + -1 + -7.
9
Evaluate (-1 - (-2 + 0)) + 1 + -250 + 243.
-5
(-18 + 52 - 15) + -1
18
What is 13 - 0 - ((9 - 26) + 23)?
7
What is 16 + 53 + -37 - 17?
15
What is the value of (-24 - -1) + (15 + -5 - -4)?
-9
Calculate (2 - -16) + -15 + 7.
10
4 + -4 + 0 + (4 - -6) + -3
7
What is 3 - (-7 + -6 + 17 + -9 - -1)?
7
Evaluate ((7 - 2) + 0 - 5) + -102 + 79.
-23
What is the value of -10 - (5 + -11 + (8 - -2)) - 4?
-18
Calculate (1 - (-14 + 15 + 9)) + 35.
26
Evaluate -1 - (1 - -2 - (-8 + 8)).
-4
-34 + (3 - (-23 - -10) - 15)
-33
What is 0 - (112 - 117 - (-19 + (-1 - -2)))?
-13
(-46 - (-33 + 23)) + 37
1
What is 43 + -50 + (2 - 2)?
-7
What is (0 - 1) + 30 - (198 - 193)?
24
2 + -23 - (2 - 0 - (-14 + 13))
-24
What is 1 - 21 - (15 + -4 + -3)?
-28
Evaluate -17 - ((7 - 14) + 1).
-11
What is 34 + (3 + -10 - 28)?
-1
What is 1 + -7 - (-14 - -18)?
-10
9 + -2 - (136 + -126)
-3
Evaluate 9 + 2 + -12 + 1 + -1 + 12.
11
6 + -1 + -1 - (-4 - -3 - -34)
-29
What is the value of (-4 - -6 - (5 + 8 + 3)) + 6?
-8
What is (-22 - (3 - 12)) + -7 - (-5 - -6)?
-21
What is the value of 37 + (-134 - -36) + 36?
-25
What is (-3 - 14 - -26) + (0 - 6)?
3
What is -32 + (44 - 95) + 43?
-40
What is ((1 - -7) + (-15 - -6) - -8) + 6?
13
Evaluate (2 - 2) + 25 + (23 - 42).
6
42 - 38 - (-19 + 42 - (3 + 1))
-15
What is the value of -6 + 2 + -6 + 16?
6
What is -4 - -3 - (-8 - -7 - 3 - 7)?
10
Calculate -22 - (1 + (4 - 13)).
-14
What is (-2 - (-27 + 25)) + 3?
3
Evaluate -12 - (-3 + -5 + -9).
5
Calculate (-1 + 6 - 7 - 1) + 0.
-3
Evaluate (-3 - 1) + -4 + (6 + 0 - 4).
-6
What is the value of 0 + 0 - ((-11 - -6) + 6 - 18)?
17
What is (26 + -13 - 13) + 14 - -10?
24
What is the value of 6 - (-11 + 29) - -2?
-10
9 - 4 - 7 - (15 + -16)
-1
Evaluate 0 + -5 - -26 - (22 + -16) - 9.
6
What is -7 + (-9 + 37 + -4 - 4)?
13
-2 + -17 + (49 - 40)
-10
What is (-5 + 4 - 17) + 6 + 4?
-8
What is 17 + -15 - (-2 - (-2 - 11))?
-9
(-1 - 14 - (232 - 231)) + 6 - -42
32
Calculate -1966 + 1959 - (-1 + -7).
1
What is the value of 9 + (44 - 29 - (4 + -7))?
27
-1 + (-15 - (-68 + 73 - (-1 - -1)))
-21
Evaluate -3 - 0 - (-8 + -14 + 16 + -15).
18
What is (35 + 4 - 23) + 15?
31
What is (-8 - -16 - 7) + 4?
5
Evaluate -12 - -6 - (-39 - -33).
0
Calculate (-11 - -11) + -1 + (-16 - -4).
-13
What is -2 + (14 - 19) + (-3 - -6)?
-4
What is the value of 88 + -103 - (-19 - 1)?
5
14 + 0 + -2 + (-4068 - -4040)
-16
Evaluate 9 - (17 - (-20 + 40)).
12
(12 - -3) + -8 + -13
-6
What is (35 - 22 - 17) + 7?
3
Calculate (8 - (-8 - -36)) + 7 + 48.
35
What is ((-2 - -20) + -3 - (6 + -7)) + -5?
11
Calculate -14 - (11 + -28) - (4 + -5 - 1).
5
What is -107 + 93 - (0 - 16) - 8?
-6
Evaluate -74 - (-30 - (21 - 14)).
-37
Evaluate 13 + (-1 - (4 - 4 - -2)) + -6.
4
What is the value of -17 + 24 + -12 + -3?
-8
What is 5 + -10 + (-9 - (5 - 8) - 1)?
-12
Evaluate 0 - ((-12 - 21) + 33).
0
Evaluate -1 + 4 + (5 + -2 - 13) - -4.
-3
What is (2 - (-13 + 2)) + -15?
-2
Calculate (17 - -7) + -13 + -3.
8
Calculate -6 - (-10 + (26 - 11)).
-11
What is the value of (33 - -3) + 43 + -49?
30
What is the value of -9 + (-12 - -11 - -7)?
-3
Evaluate 9 - (3 + -8 + -5).
19
Evaluate -43 + (114 - 29) + -13.
29
Evaluate 2 - 0 - (-63 - -75).
-10
What is the value of 1 - 4 - (23 + (-37 - -7))?
4
What is -8 - (22 + -21 - ((4 - 1) + -16))?
-22
Calculate -3 + 21 + -5 - (3 - -6).
4
What is 0 - -17 - (-255 - -278)?
-6
What is the value of 4 - (2 + 0 - 4) - (1433 - 1428)?
1
What is 58 + (-123 - -72) - (-1 + 1 + 26)?
-19
Evaluate (-23 + 9 - -9) + 6.
1
What is -42 - (-38 + 16) - -2?
-18
What is the value of 1 - 5 - (2 + -7 - 10 - -20)?
-9
What is 8 + -13 + 5 - (3 - 19 - -2)?
14
Calculate 2 + (3 + (5 - 6) - (12 + -9)).
1
80 + -72 + 2 + -2
8
Calculate 15 + -7 + -4 + (7 + -1 - 4).
6
Evaluate -68 - (-116 + 62) - (-47 + 1).
32
(-19 + 60 - 82) + 60
19
Evaluate -4 + (0 - (-9 + (-1 - (-10 - -2)))).
-2
Evaluate 4 + (-13 - -8) + -19 + (8 - 17).
-29
Calculate -337 + 323 - ((1 - 0) + -5).
-10
Evaluate 36 + 3 + -53 - 14.
-28
Calculate -15 - (-29 + (-23 - -12)).
25
What is the value of -24 + 1 + -1 - (-2278 + 2288)?
-34
What is the value of (-24 - -46) + -28 - -13?
7
-14 - (2 + (2 - 3))
-15
Calculate 2 + 0 + 255 + -247.
10
-32 + -25 + 28 - -37
8
(-2 - 4) + -81 + 90 - -6
9
Calculate (9 - -7) + -13 + -8.
-5
What is the value of 15 + -3 + (-4 + -2 - -2) - -7?
15
What is -8 + -9 + 6 + 3 + -4 + -7?
-19
Calculate 16 - 19 - (6 + -14).
5
13 + -6 + -66 + 61 + 12 + -1
13
Evaluate -2 + 23 + (196 - 186) + -20 + 1.
12
Calculate (-70 - -72) + -7 + 1.
-4
What is 12 + -12 + 10 - (-4 - -5)?
9
-27 + (6 - -24) - 21
-18
Evaluate -7 + -1 + (15 - 11) + -5.
-9
What is -12 + (-3 - -7 - 4 - 5)?
-17
What is (4 + -5 - 0) + (0 - (-5 - 0))?
4
Evaluate -23 - (1 - (-36 + 43 + -7 + 2)).
-22
What is 6 - (5 - 7) - ((-3 - 6) + 14)?
3
Calculate 12 - (4 + (8 - (4 - -8))).
12
Calculate 10 + -41 + 23 - (-7 + 0).
-1
Evaluate -2314 - -2315 - (-8 - 0 - (-2 + 0)).
7
Calculate (27 - (-1 - -2)) + -28.
-2
Calculate 2 - (-43 + 73 - 44).
16
What is the value of -6 + (-8 - (11 - (-2 + 12)))?
-15
What is the value of -8 - (0 + 3 + -9 + (0 - -3))?
-5
Evaluate (-2 - 1) + -45 + 56.
8
(0 - 8) + (47 - 52)
-13
-2 + 2 + 5 + (-5 - -10) + 1
11
What is 40 + (-3 - 21) - (0 - -8)?
8
Evaluate -30 - (1 - (34 + -22)).
-19
Calculate 17 + -22 + 1 - (-4 + (2 - 8)).
6
What is the value of -1 - -3 - (4 - 2) - (-83 + 87)?
-4
(-15 - 3) + (-4 - 0) + 2
-20
Evaluate -10 + 13 + (2 - -5) + -14 + 17.
13
-21 - (8 + -12 - -6) - 9 - -6
-26
(677 - 701) + (3 - -1 - (-1 - -3))
-22
Calculate 13 - (-13 + (8 - -21)).
-3
What is -6 + 1 - ((26 - 46) + (-2 - -8))?
9
Evaluate -3 + (-27 - -13 - -14).
-3
What is the value of 1 + -2 + 155 + -163 + 14?
5
What is the value of 2 + -10 - ((4 - 19) + 8)?
-1
Evaluate -24 + 30 + -5 + (5 - 12).
-6
Calculate 3 - 3 - (88 + -79).
-9
1422 + -1403 + (-1 - 0 - (-1 + 0))
19
Evaluate 43 - 10 - (21 + -6).
18
Calculate (-99 - -83) + 1 + -1.
-16
Calculate (-8 - (6 + -33 + 10)) + -6.
3
What is 7 - 1 - (50 + -33 + -1)?
-10
Calculate -1 - -19 - (-85 + 30 + 66).
7
Evaluate -15 - (2 + (-23 - 8)).
14
What is 2 - (9 + 4 + 2)?
-13
What is the value of 0 + 6 - ((20 - -21) + -43)?
8
16 + -33 + 23 + -4
2
(-4 - -3) + (-42 - -36)
-7
-22 - 1 - (-57 - -77 - 26)
-17
9 + -14 + 2 + 4 - (-11 - 3)
15
What is 3 + 36 + (-8 - (3 + -10)) + -9?
29
What is -4 + -1 - (26 + -19 - 7)?
-5
Calculate 0 - 1 - (-12 + (21 - 16)).
6
Calculate 3 - ((-1 - -4) + (-33 - -35)).
-2
(-7 - 30) + 38 - ((3 - 1) + 34)
-35
Calculate 40 + (-53 - (-31 - -3)).
15
What is the value of (-24 - (2 - 30)) + -23?
-19
Calculate -15 + 4 + -7 - -19.
1
Calculate 4 + (2 - (-7 - 1 - (-15 + 10))).
9
Calculate (-5 - -18) + 3 + (1 - 2) + -5.
10
Calculate -3 + (-26 - (5 - 21) - 2).
-15
What is the value of -8 + (-4 - -8) - (6 + 2 - -2)?
-14
Evaluate -20 - -42 - ((1 - -9) + -4 - -1).
15
What is (-55 - -58) + -1 + -5 - (3 + 13)?
-19
What is the value of 2 - (3 + (5 - (3 - (4 + -5))))?
-2
Evaluate 9 + -9 + 4 + -8 - -8.
4
6 + -6 + (-1 - (6 - 19) - 7)
5
What is -10 - ((-107 - -117) + (-1 - -3))?
-22
Calculate 3 + (-135 - -142 - (0 + 6)) + -20.
-16
What is (35 - 32 - (1 - -5)) + 5 + 3?
5
Calculate (5 + -4 - -14) + -27.
-12
(-1 - 0) + -8 - -13
4
(14 - -3) + 8 - 21
4
Evaluate (16 - (2 - (-4 + -3))) + -7.
0
Calculate -5 + -1 + -1 + 23 + -5 + 0.
11
-16 - (16 - (-4 + (19 - 1)))
-18
Evaluate -10 + -20 + (-1 - -13) + (40 - 49).
-27
Calculate -50 + -2 + 268 + -242.
-26
What is (-6 - (8 + -11)) + -9 - -1?
-11
What is the value of 2 - (-3 + 14 - (-1 + 0 + 2))?
-8
7 - 11 - (-1 + (8 - 19)) - -14
22
What is the value of (12 - 11) + 13 + -8 + -14?
-8
(-9 - -18 - 16) + (4 - -6)
3
What is the value of -5 - (-9 - (-26 - -7))?
-15
Evaluate (36 - 40) + -60 - -31.
-33
Evaluate 9 + (-40 - -6 - -30).
5
167 - 145 - (1 + 2)
19
What is the value of (10 - 19) + 26 + -6?
11
Calculate (-24 - (4 - (-8 + 20))) + 5.
-11
Evaluate -43 - -14 - -1 - -22.
-6
What is (-10 - -7) + -10 + 13?
0
Calculate 6 + (-4 - (-1 - -6) - 6).
-9
What is 1 + 6 + 16 + 0 + (-559 - -541)?
5
What i